In base 11, what is 620 - 790?
-170
In base 7, what is -5 + 40544?
40536
In base 14, what is -36a + -17?
-383
In base 13, what is -35 - -99cc?
9997
In base 6, what is -32105025 - 2?
-32105031
In base 11, what is -1 - 3521a?
-35220
In base 8, what is 64 + 1522?
1606
In base 12, what is -1a + 413?
3b5
In base 13, what is -2 - -154862?
154860
In base 5, what is -4122442 - 121?
-4123113
In base 10, what is 2 - -41856?
41858
In base 10, what is -5267 + -889?
-6156
In base 14, what is -429 - -81?
-388
In base 11, what is -4 - -3691?
3688
In base 4, what is -1101121 + 33202?
-1001313
In base 16, what is 1a - -57c?
596
In base 6, what is -234504 - -3?
-234501
In base 2, what is 1100001111010 + 1100?
1100010000110
In base 5, what is 4403 + 124?
10032
In base 11, what is 179 - 359?
-190
In base 7, what is 442034 + -14?
442020
In base 9, what is -2 - 555123?
-555125
In base 5, what is -41 + -144224?
-144320
In base 3, what is 11 + -221220021?
-221220010
In base 11, what is -24 - -6093?
606a
In base 9, what is -70 + 47?
-22
In base 11, what is -17288 + -3?
-17290
In base 2, what is -11 + -10000011011011?
-10000011011110
In base 6, what is 115 - -11300?
11415
In base 6, what is 2554 + 231?
3225
In base 16, what is -e - -4f4?
4e6
In base 7, what is 3 + 221336?
221342
In base 6, what is -1030 + -144255?
-145325
In base 7, what is -2431 - 2?
-2433
In base 4, what is -1020312 - 10?
-1020322
In base 16, what is 1 + -bfc?
-bfb
In base 13, what is -40372 - -3?
-4036c
In base 11, what is -3 - -11a025?
11a022
In base 7, what is 3 - -66345?
66351
In base 7, what is -151130 - -1?
-151126
In base 5, what is -320421 + -344?
-321320
In base 8, what is -147 - 1420?
-1567
In base 14, what is -1918 + -b7?
-19d1
In base 12, what is -5 - -6640b?
66406
In base 7, what is 330 - -1441?
2101
In base 4, what is 33132 - -1313?
101111
In base 16, what is 4 - -2563?
2567
In base 5, what is 20 + 22034?
22104
In base 7, what is 425 + -11166?
-10441
In base 9, what is 6 - -88300?
88306
In base 15, what is -1 - -9d989?
9d988
In base 10, what is -13 - 13781?
-13794
In base 4, what is 2202 - -301?
3103
In base 6, what is 5223011 + 4?
5223015
In base 3, what is 12211 + 2221110?
10011021
In base 4, what is 303013000 - -10?
303013010
In base 16, what is -72c + 1a?
-712
In base 4, what is 11 - -2322103220?
2322103231
In base 10, what is 9 - 109435?
-109426
In base 12, what is 143b + 1104?
2543
In base 7, what is -14 - -14316?
14302
In base 15, what is -b6 - ae?
-175
In base 4, what is 22300 + 33?
22333
In base 9, what is -13 - -77814?
77801
In base 11, what is -13 - 2373?
-2386
In base 12, what is -4 + 178?
174
In base 6, what is 14412 - -1?
14413
In base 11, what is -a - -12a4?
1295
In base 3, what is 2000 - -2021111012?
2021120012
In base 7, what is 23 - 50454?
-50431
In base 10, what is -761 + -25?
-786
In base 8, what is -7 - 65611?
-65620
In base 9, what is 131 + 3157?
3288
In base 3, what is -2202 + 20212?
11010
In base 16, what is 1ac2 - -a?
1acc
In base 13, what is -a - -12a9?
129c
In base 3, what is 1022 + -10000112?
-2222020
In base 4, what is 3 - -1130132?
1130201
In base 11, what is 5 + -13801?
-137a7
In base 8, what is 3 + -44100?
-44075
In base 16, what is 21461 + -2?
2145f
In base 14, what is -14bd - 869?
-1d48
In base 11, what is 6169 + -12?
6157
In base 14, what is -659 - a28?
-1283
In base 14, what is -29 - 10673?
-1069c
In base 3, what is -111 + 1000011000?
1000010112
In base 2, what is 100000100000 - 100101?
11111111011
In base 3, what is 1001021101000 - -10?
1001021101010
In base 13, what is 1168a - -4?
11691
In base 11, what is 2464 + 8?
2471
In base 16, what is 35b + -13?
348
In base 14, what is 6 + ab78?
ab80
In base 10, what is 4697 + -5?
4692
In base 13, what is -6ab + 42?
-669
In base 13, what is -b - -947?
939
In base 14, what is -b9 + -462?
-53b
In base 7, what is 2030252 - 4?
2030245
In base 16, what is 2 + 30f7?
30f9
In base 7, what is -50 - -4026?
3646
In base 7, what is -30 - 31621?
-31651
In base 13, what is -3101 - 131?
-3232
In base 10, what is 74 - -350?
424
In base 16, what is 1e7 - -2c?
213
In base 11, what is a8 - -1307?
1404
In base 8, what is -561665 - -4?
-561661
In base 14, what is -40a4 + -6?
-40aa
In base 13, what is -3 - -10ca1?
10c9b
In base 10, what is 8 - -2541?
2549
In base 3, what is -1120012011 + 1?
-1120012010
In base 13, what is 18 + -1125?
-110a
In base 16, what is -51b - 36?
-551
In base 10, what is 2754 - 83?
2671
In base 2, what is 1010111100 - -1110?
1011001010
In base 9, what is 770 - -3?
773
In base 6, what is 133112 - 3?
133105
In base 15, what is 4 - -3cda?
3cde
In base 5, what is 114 - 3344102?
-3343433
In base 11, what is 0 - 2027a2?
-2027a2
In base 4, what is -3311 - 32002?
-101313
In base 15, what is a63 - 418?
64a
In base 2, what is 100 + -11011000100101?
-11011000100001
In base 13, what is 1 + 475a?
475b
In base 8, what is -13323 - -11?
-13312
In base 10, what is 5 + -20511?
-20506
In base 8, what is 0 - -55673?
55673
In base 5, what is 0 - -1333440?
1333440
In base 10, what is -86 - 2159?
-2245
In base 3, what is 22100121122010 - 0?
22100121122010
In base 6, what is 11015 - 1345?
5230
In base 4, what is 20000 - -10002?
30002
In base 16, what is 48 - 2cfc?
-2cb4
In base 7, what is -3111304 + 4?
-3111300
In base 7, what is 200 - 252?
-52
In base 6, what is 41540 - -35?
42015
In base 15, what is -8 + 11b7?
11ae
In base 3, what is -102221010 - 1102?
-102222112
In base 6, what is -444 - -232?
-212
In base 3, what is -2111122 + 1100?
-2110022
In base 10, what is 0 + -152572?
-152572
In base 12, what is -6a8881 - 1?
-6a8882
In base 12, what is ba128 + -5?
ba123
In base 11, what is -42a - -1237?
908
In base 2, what is 10001001110 - -100110000100?
110111010010
In base 9, what is 273 - 1155?
-772
In base 8, what is 17576 - 36?
17540
In base 11, what is 27150a + 1?
271510
In base 4, what is -2 + 11211121?
11211113
In base 15, what is -8 - -5512e?
55126
In base 2, what is 110010001010000000 + 101?
110010001010000101
In base 10, what is 3 - -359231?
359234
In base 6, what is -110 - -140335?
140225
In base 10, what is 64638 - 68?
64570
In base 10, what is 13 - -3305?
3318
In base 2, what is 11 - 100110000001110?
-100110000001011
In base 2, what is -1100010101101001 - 1101?
-1100010101110110
In base 7, what is 5 - -136610?
136615
In base 3, what is 0 - 21022022?
-21022022
In base 6, what is 3 - 150214?
-150211
In base 14, what is -7 + 3b4?
3ab
In base 5, what is 10 + -2004100?
-2004040
In base 12, what is -4 + 59252?
5924a
In base 4, what is 220212 + 10032?
230310
In base 2, what is 0 + 10001011100101?
10001011100101
In base 3, what is -1101 - 22012211?
-22021012
In base 13, what is 79 + -52?
27
In base 11, what is 1 - -48373?
48374
In base 13, what is 0 + -16869b?
-16869b
In base 5, what is 1020 + -304?
211
In base 10, what is 2334 + -63?
2271
In base 2, what is 101110 - 11011110101000?
-11011101111010
In base 10, what is 701022 - -3?
701025
In base 13, what is -3 + b157?
b154
In base 3, what is -122102002 - 2110?
-122111112
In base 14, what is -24cb + 82?
-2449
In base 13, what is -1 - -27663?
27662
In base 3, what is -20 + 10020012?
10012222
In base 3, what is 0 - -122012021?
122012021
In base 13, what is -53a30 - 2?
-53a32
In base 14, what is -d - 6dd6?
-7005
In base 10, what is 175 + -5250?
-5075
In base 16, what is -ae + 4fd?
44f
In base 4, what is -1022 + 212012?
210330
In base 5, what is -2 + 13103?
13101
In base 3, what is -10 - -21110200022?
21110200012
In base 3, what is -11 + -2122020?
-2122101
In base 14, what is 11 - 424?
-413
In base 14, what is a8b - 3a?
a51
In base 14, what is -10626 + -3?
-10629
In base 15, what is -13100 - 4?
-13104
In base 11, what is 155 + 6155?
62aa
In base 10, what is -1218 - 7?
-1225
In base 11, what is 42 - a35?
-9a3
In base 10, what is -826 + 1?
-825
In base 4, what is 32 - 112312210?
-112312112
In base 7, what is 46 + -11643?
-11564
In base 2, what is -111100 - -1111111101?
1111000001
In base 7, what is 0 - 22120341?
-22120341
In base 6, what is 11202 - -3?
11205
In base 6, what is 5 - -3534352?
3534401
In base 6, what is -1 - 133033?
-133034
In base 7, what is 1 - 353463?
-353462
In base 4, what is 0 - 231221313?
-231221313
In base 6, what is -3 + 50345?
50342
In base 4, what is 101012 + 